70*u - 32 = 0. Suppose -u*d = -5*o - 12792, 16 = 6*o - 2*o. Is d a prime number?
True
Let t(v) be the second derivative of v**4/12 - 22*v**3/3 + 23*v**2 - 35*v. Is t(44) a prime number?
False
Suppose -9*m + 63*m + 60*m = 22527426. Is m a prime number?
True
Let q(s) = 13*s**3 - 113*s**2 + 95*s + 4. Let c(w) = -3*w**3 + 28*w**2 - 24*w - 1. Let g(a) = 9*c(a) + 2*q(a). Is g(13) a composite number?
True
Let l be ((-6)/(-9))/(4/534). Let h(f) = -92 - l + 182 - 210*f. Is h(-1) a composite number?
False
Let o = 123 + -124. Is (1 - o)*81846/36 a composite number?
False
Let s(d) = 43*d + 1995. Let k be s(0). Suppose -3*w - k = -12468. Is w composite?
False
Suppose 9*b + 150 = 4*b. Let v = 28 + b. Is 2*v*(-10524)/48 a composite number?
False
Is ((-194570)/30 - -18)/((-3)/63) a composite number?
True
Suppose -3*i + 35*i - 2858848 = 0. Is i composite?
True
Suppose -19*n + 139700 = 6*n. Let m = n + -3965. Is m composite?
True
Suppose 3555343 = 2*r - 3*h, -5*r + 2059*h - 2064*h + 8888270 = 0. Is r prime?
True
Suppose -5*a - f = 104 - 24, 50 = -5*a + 5*f. Let k be 15/a + -1 + 3. Let o(y) = 132*y**2 + 1. Is o(k) a composite number?
True
Let j = 387 + -383. Is 31230/14 - j*7/(-98) a prime number?
False
Suppose -833022 = -3*a - 5*g, -5*a + 460950 = 2*g - 927401. Is a a composite number?
True
Let w(d) = -d**3 - 24*d**2 + 24*d - 23. Let i be w(-25). Let h be 2274*(-12)/(-54)*9/i. Suppose 5*g - h = -2*l, -5*g + 0*g - 20 = 0. Is l composite?
True
Let d = 2124 + 1559. Is d a composite number?
True
Let k = 2284 - 1317. Is k composite?
False
Suppose -a - 76225 = -v, 4*a + 16024 = -2*v + 168510. Is v a composite number?
False
Suppose 0 = 2*u + 5*d + 5858, 18*u - 2899 = 19*u - 5*d. Let c = 4430 + u. Is c a prime number?
True
Suppose l - 5*y - 8 = 1, 68 = -3*l - 4*y. Let r(d) = -d**3 - 8 + 3*d - 10*d**2 - 6 - 9. Is r(l) prime?
False
Let b(r) = -r**2 + 25*r - 44. Let d be b(23). Suppose -3 - d = -5*o + 2*p, -20 = -5*o - p. Suppose 573 - 175 = 3*f + 5*q, 2*q = o*f - 391. Is f prime?
True
Suppose 20 = -5*u, 4*h - 132150 - 397802 = -3*u. Is h a prime number?
True
Suppose 0 = -42*w + 32*w + 93380. Suppose -g + 3140 - 797 = -5*b, 3*b = 4*g - w. Is g prime?
True
Let t be 2 - (-3)/((-24)/736). Let h(q) = -496*q + 1. Let a be h(-3). Let x = t + a. Is x a prime number?
True
Let v(m) = 16*m**3 - 14*m**2 + 5*m + 36. Let s be v(7). Suppose -13*o + 1198 = -s. Is o a prime number?
True
Let u = 428 + -430. Is ((-14849 + u)*1)/(-1) composite?
False
Let f = -36227 + 60450. Is f composite?
False
Suppose 4 + 12 = 8*a. Suppose -a*g = 2*z + g, 0 = -z - g. Let b(h) = -2*h**2 + 83. Is b(z) composite?
False
Let p(f) = 174*f**3 + f**2 + 29*f + 11 - 40*f**2 - 66 - 172*f**3. Is p(26) a composite number?
True
Let r be (546/18 - -2)*72. Suppose 4*i + 1741 = 3*w, -4*w = -0*w - 4*i - r. Is w a prime number?
True
Suppose j + 24 - 4 = 0. Let m be (28/j + 1)/((-3)/30). Suppose -745 - 374 = -5*s - i, 1099 = 5*s - m*i. Is s a prime number?
True
Let v(d) = 233*d - 323. Is v(24) prime?
False
Let q(z) = z**3 + z**2 - z - 7. Let h be q(3). Suppose d = 2*y - h - 9, -2*y = 2. Is d/(3 + (-50)/15) prime?
False
Suppose 4*g + a + 19395 = 0, 6*g - 4*g - 5*a = -9703. Let o = g - -23592. Is o composite?
False
Suppose 12*i - 9*r + 7*r - 310060 = 0, -i + r = -25845. Is i a prime number?
False
Suppose 5*b + 0 = v - 11, -75 = -3*v + b. Suppose -7*r + 3*r + t = 20, t = 5*r + v. Let o(z) = 63*z**2 + 13*z + 37. Is o(r) a composite number?
True
Let k(g) = 2*g**3 - 12*g**2 + 10*g + 5. Let o = -35 - -36. Let c be o/5 - (-132)/15. Is k(c) composite?
True
Suppose -88*l + 81*l + 2464 = 0. Let j(r) = 6*r**3 + r**2 - r - 3. Let w be j(-3). Let b = w + l. Is b prime?
True
Let r(k) = 44*k**2 + 107*k + 43. Is r(16) a composite number?
True
Is (12/(-48)*(2 + -104404))/(1/2) a prime number?
True
Suppose -44*m + 33*m - 23155 = 0. Let j = -511 - m. Is j prime?
False
Let o be 15/6 + (-11022)/(-4). Suppose -i = -8*i - o. Is 1/(-3) - (-10)/(-3)*i composite?
True
Suppose -6*z + 1603312 - 8160968 = -62*z. Is z prime?
True
Suppose 7*o - 4*o - 4518 = 0. Let v = o - -66. Suppose -9*j + v = -1929. Is j composite?
False
Suppose -2 = -8*w + 22. Suppose -5*g = -m - 8884, -w*g + 3*m = -m - 5327. Is g a prime number?
True
Suppose 5*i - 2*x - 25 = 16, 4*i - 19 = -3*x. Suppose -i*w - 1714 = -46500. Suppose 5*f - 6767 = w. Is f composite?
False
Let p(k) = -53*k**3 - 31*k**2 - 50*k + 391. Is p(-22) a prime number?
True
Suppose 4*o = 4*g - 414696 - 41024, -4*g - o + 455685 = 0. Is g composite?
True
Let p(a) = -8*a**3 - 8*a**2 - 27. Is p(-8) prime?
True
Let z = -54313 - -103910. Is z composite?
False
Is (-718111)/(-7) + (-288)/1008 a composite number?
False
Suppose 85*f = 113183 + 15422. Is f composite?
True
Suppose -v - 12 = -5*v. Let w be (2 + (1034 - v))*(-1 + 0). Let r = w - -2654. Is r composite?
False
Let n(j) = -2*j**3 - 49*j**2 + 31*j + 417. Is n(-35) a composite number?
False
Let r(l) = -3*l + 14. Let y(t) = 3*t - 15. Let g(o) = -5*r(o) - 4*y(o). Let i be g(5). Suppose 5*m - 2*s - 2*s = 745, 745 = i*m - s. Is m composite?
False
Let v = 439 + -436. Let s(t) = 445*t**3 - 2*t - 14. Is s(v) prime?
False
Suppose -4*n + 20507 = n - 2*z, 0 = -n - 5*z + 4096. Let j be (-18)/(-3) + 64 + -70. Suppose j = -8*y + 2547 + n. Is y a composite number?
True
Let x = 110 - 105. Suppose -6*f = -x*f - 1273. Suppose -1877 = -3*n - 3*c + c, -2*n = -3*c - f. Is n composite?
True
Suppose -3*z + 23759 = q + 6925, 0 = 2*q + 10. Let l = z + -3776. Is l composite?
True
Is 8/(-1) - ((-15659884)/58 + -23) a prime number?
False
Let f(j) = 0*j**2 - 10*j**2 - 7*j**3 - 75 - 86 - 7*j + 172. Is f(-8) prime?
True
Suppose 13*u + 690 = 18*u. Let s(j) = j**2 + 21*j + 57. Let m be s(-14). Let h = m + u. Is h prime?
True
Suppose -85*w = 5388 - 24343. Is w prime?
True
Let z(t) be the first derivative of -t**2/2 + 6*t + 25. Let q be z(9). Is (-2 - q - 0/1)*249 a prime number?
False
Suppose 4*z + 0*z - 15 = 3*u, 15 = -z - 3*u. Suppose z = -y + 8*y. Suppose 7*c - 14*c + 7063 = y. Is c a composite number?
False
Let x = 133 - 131. Suppose -7*s + 16936 = -x*s - 3*l, 0 = -3*s + l + 10164. Is s composite?
False
Is (-21 - -965358)/(7/((-35)/(-15))) prime?
True
Suppose 10*j + 4*f - 14 = 5*j, -f = 2*j - 8. Let q be (-8666)/(-4) + j/4. Suppose 3*i - 4*d = -i + q, -3*i + 1621 = 2*d. Is i a prime number?
True
Let l(w) = -2*w + 5. Let o be l(-9). Let v(r) = -24 - 2*r - o*r**2 + 45*r**2 + r. Is v(-7) a prime number?
True
Suppose 2*r - 3*p - 5 = -0*r, 0 = -r - 5*p - 4. Let y = r + 13. Is 3520/y + 6/(-14) a prime number?
True
Suppose -1449422 = 34524*y - 34550*y. Is y composite?
True
Let q(p) = 514*p. Let j be q(1). Suppose -5*t = o - 1828, -9*t = -12*t + 2*o + 1089. Let c = j - t. Is c prime?
True
Let g(d) = d**3 - 11*d**2 - 8*d - 17. Let j be g(12). Is (1*j)/((-7)/(-511)) composite?
True
Suppose -19868 = 5*a + 2922. Let n = 15919 - a. Is n prime?
True
Let b be (50/(-25))/(2/(-3602)). Suppose 2*v - b = -4*w, -2 = -3*w + 1. Is v a composite number?
True
Let u be (1/(4/(-8)))/(-1 - 0). Is -1 - ((-255405)/30 - u/4) composite?
False
Let z(l) = -72*l + 28. Suppose 16*v = 11*v - 85. Let g be z(v). Let h = -293 + g. Is h prime?
False
Suppose 2 = -10*z + 22. Suppose z = -2*u, -10*c - 2*u = -5*c - 141713. Is c a composite number?
True
Suppose 9*h - 3616 = -13309. Let a = 1057 - -1657. Let d = a + h. Is d a composite number?
False
Let n(x) = -1636*x + 1459. Is n(-36) a composite number?
True
Suppose -6267 - 3167 = 5*h + m, 9438 = -5*h - 2*m. Let w = h + 5553. Is w prime?
False
Suppose 610813 + 155246 = 50*i - 29*i. Is i prime?
True
Is 0 - 2 - 11/((-121)/1296405) composite?
True
Let b = 346 - 339. Suppose 0 = b*r - 309 - 3324. Is r prime?
False
Suppose 6809127 + 17583717 = 84*g. Is g composite?
True
Let v be (1/(-1))/(9/27). Let l(f) = -572*f**3 - 4*f**2 + 3*f + 28. Is l(v) prime?
True
Let k(c) = -4*c**2 - 197*c + 210. Is k(-41) prime?
False
Let l(w) = -4*w + 15. Let x(n) = -7*n + 29. Let s(g) = 5*l(g) - 3*x(g). Let j be s(5). Let b(a) = a**3 + 8*a**2 + 4. Is b(j) a composite number?
False
Let x(m) = -m - 16. Let i be x(-20). Suppose 2*d = i*d - 1998. Suppose 3*v - 834 = d. Is v a composite number?
True
Let k = 85 + -82. Is -2 + (10072 - 0) + k composite?
True
Let a = 3947 - -386. Let f = -2222 + a. Is f prime?
True
Su